ose 3*s = 14 + 91. Let b = -69 + 81. What is the remainder when s is divided by b?
11
Suppose 0 = -5*w - 2*n + 3 + 11, -3*w = -3*n - 21. Let y(u) = -u**3 - u**2 + 3*u + 4. What is the remainder when y(-3) is divided by w?
1
Suppose 8 = 2*a + 4*k, 0*k = 3*a - 2*k - 36. What is the remainder when a is divided by 4?
2
Suppose -4*k = 0, -1 = -2*u - 2*k + 9. Calculate the remainder when 9 is divided by u.
4
Let n(j) = -j + 1. Calculate the remainder when n(-9) is divided by 3.
1
Let c(b) = -b**2 - b. Let f(y) = -13*y**3 - 5*y**2 - 5*y - 1. Let u(n) = 5*c(n) - f(n). What is the remainder when 210/8 + 4/(-16) is divided by u(1)?
12
Suppose 8*k + 99 = 17*k. Let w(i) = 2*i**2 - 9*i + 3. Calculate the remainder when w(6) is divided by k.
10
Let v be 94/(-8) - 1/4. Let r = v + 78. Suppose -19 + 70 = 3*t. What is the remainder when r is divided by t?
15
Let j = 58 - -19. Calculate the remainder when j is divided by 41.
36
Let r = 30 + 73. What is the remainder when r is divided by 26?
25
Suppose -5*t = -1 - 9. Let v = t - 8. Calculate the remainder when 10 is divided by (-2 + 6)/((-4)/v).
4
Suppose 5*v - 3*b = -4*b + 262, 5*v + 3*b = 266. Calculate the remainder when v is divided by 27.
25
Let x be ((-4)/(0 + 2))/2. Let c = -1 - x. Calculate the remainder when 2 + 1 + (c - -19) is divided by 12.
10
Let j be (-20)/(-1)*16/20. Let l be 12/(((-42)/j)/(-7)). Suppose l = 5*y - 2*f, -3*y + 3*f - 6*f = -36. What is the remainder when 14 is divided by y?
6
Suppose -5*s + 31 = 4*y - 24, -2*y - s = -23. Suppose 4*o = o + 3*l + 9, 5*o - 25 = -5*l. What is the remainder when y is divided by o?
2
Suppose 0*z + 3*z - 42 = 0. Calculate the remainder when 27 is divided by z.
13
Let n = 6 - 3. Let b(h) = -h**2 - 4*h - 1. Let p be b(-4). Let o = p - -3. What is the remainder when n is divided by o?
1
Let n be (-7)/((-14)/12) - 0. Let b(c) = -c + 13. Calculate the remainder when 1 + 10 + 4/2 is divided by b(n).
6
Let r be -4*3*(-2)/(-12). What is the remainder when 2*(45/2 + r) is divided by 21?
20
Suppose -h = 3*h + 5*t - 169, 4*t - 20 = 0. What is the remainder when h is divided by 13?
10
Suppose -10 = -3*n + n, -5*g = -4*n - 25. Let h be 60/(-8)*(-4)/6. What is the remainder when g is divided by h + 3 + -6 + 3?
4
Let u(t) = 3*t - 1. Let q(f) = f**2 + 6*f + 9. Suppose 0 = 5*w - 3*z - z + 34, z - 1 = 0. What is the remainder when u(6) is divided by q(w)?
8
Let z(o) = 3*o + 1. Let t = 67 + -27. Suppose 2*h + 40 = 4*a, a + 3*a + 3*h = t. What is the remainder when z(6) is divided by a?
9
Let p = 6 + -9. Let f be (-12)/p + -2 - -2. Suppose -6*z + f*z = -36. What is the remainder when z is divided by 10?
8
Let h = 99 + -42. What is the remainder when h is divided by 30?
27
Let p(t) = t**2 + 4*t + 6. Let n be (0 + 2 - 0) + 1. Calculate the remainder when (-2 - 0)/(n/(-24)) is divided by p(-4).
4
Suppose -9*z + 4*z + 259 = 4*v, z = -3*v + 186. Calculate the remainder when v is divided by 13.
9
Suppose -3*x + 83 = -5*b, 2*x - 18 = -3*b + 12. Suppose x = 2*d + d. Suppose w + 2*w - 36 = 0. What is the remainder when w is divided by d?
5
Suppose o - 8 = -2*t, 19 = 5*t + o + 2*o. Calculate the remainder when t is divided by 2.
1
Let b(h) = -h**3 - h**2 + 6*h - 3. Calculate the remainder when 56 is divided by b(-4).
14
Let v be (2 + 2)*1 - 1. Let l = -7 - -14. Suppose -l*o + 224 = -v*o. What is the remainder when o is divided by 19?
18
Let c(x) = -x**3 - x**2 - x. Let f be c(0). Let w = 0 + f. Suppose -d + 9 + 0 = w. What is the remainder when 16 is divided by d?
7
Suppose 32 = 2*u - 7*g + 3*g, -2*u + 3*g + 28 = 0. Suppose -3*h + 7*h = u. What is the remainder when h is divided by 1?
0
Suppose -9*q = -6*q - 108. What is the remainder when q is divided by 21?
15
Let z(i) = -i**3 - 3*i**2 - 4. Let s be z(-4). Let m = 1 + s. Calculate the remainder when 49 is divided by m.
10
Let x(u) = -u**3 - 5*u**2 + 6*u - 2. Let v be x(-7). Suppose 5*d = 5*g + 145, -6*g - v = -2*d - 3*g. What is the remainder when d is divided by 18?
15
Let d = 2 + 17. What is the remainder when 92 is divided by d?
16
Suppose -407 + 135 = -4*b. What is the remainder when b is divided by 18?
14
Let l = -86 - -88. What is the remainder when 12 is divided by l?
0
Suppose 25*g = 19*g + 18. Calculate the remainder when 6 is divided by g.
0
Let l = 44 + -26. Let a(i) = -79*i**2 + 2*i - 1. Let d be a(1). What is the remainder when d/9*(-6)/1 is divided by l?
16
Let h = -1 + 5. Suppose 0 = -h*l - 24. Calculate the remainder when 2/l - (-10)/3 is divided by 2.
1
Let w = 66 - 46. What is the remainder when w is divided by 11?
9
Suppose -2*m - x = -71, -28 - 79 = -3*m - 2*x. Calculate the remainder when m is divided by 12.
11
Suppose 2*n - 10 = n + z, 0 = 2*n - 4*z - 26. Let p = n - -4. Calculate the remainder when ((-1)/3)/((-1)/93) is divided by p.
9
Let s(g) = -2*g**3 + 3*g**2 - g. Let y be s(2). Let r(m) = -m**2 + 26*m - 142. What is the remainder when r(13) is divided by 42/(-4)*8/y?
13
Suppose -4*t + 70 + 62 = 0. Calculate the remainder when t is divided by 18.
15
Let b(u) = 26*u**2 - 2*u - 2. Calculate the remainder when 102 is divided by b(-1).
24
Let j(m) = m**2 + 3*m + 4. Let t be j(-3). Suppose 8 = z - 2*o, 32 = -z + t*z - 4*o. Suppose 0 = x + x - z. Calculate the remainder when 23 is divided by x.
7
Let i(p) = p**3 - 3*p**2 - 2*p - 4. Let f be i(4). Calculate the remainder when 17 is divided by 115/25 + f/10.
2
Calculate the remainder when 34 is divided by (-20)/(-2) + 0 + -1.
7
Suppose 0 = 5*z - 2*f + 21, 2*z + z = -f - 17. Let i(u) = -4*u**3 + 2*u + 1. Let o be i(-1). What is the remainder when (z/3)/(o/(-9)) is divided by 3?
2
Let u(d) = -6*d**2 + 3*d - 2. Let q(z) = 7*z**2 - 4*z + 3. Let i(f) = -5*q(f) - 6*u(f). Calculate the remainder when 46 is divided by i(-5).
10
Suppose 3*n + 6 = z, -3*n + 0*n = 3*z - 42. Suppose 5*h - 2 = 8. Suppose z - 32 = -h*p. Calculate the remainder when p is divided by 4.
2
Let g(w) = 42*w**2 - w. Suppose h + 3*h - 33 = -3*m, 0 = 2*h + 6. What is the remainder when g(-1) is divided by m?
13
Suppose 0*n - 5*k - 155 = -5*n, -4*n = -5*k - 122. What is the remainder when n is divided by 20/3*99/55?
9
Suppose 5*v = 318 + 52. What is the remainder when v is divided by 19?
17
Let z = 42 + -23. Calculate the remainder when 91 is divided by z.
15
Let w(q) = q - 1. Let p(l) = 5*l - 2. Let z(d) = p(d) - 6*w(d). Let c be z(5). What is the remainder when 20 is divided by c - (-1 + -1*11)?
9
Let d = -1 + -2. Let h = 1 + d. Let v = h + 20. Calculate the remainder when v is divided by 10.
8
Let a be ((-6)/(-9))/((-2)/444). Calculate the remainder when 12 is divided by a/(-20) - (-2)/(-5).
5
Suppose 52 = 3*f + 4*j - 23, 4*j = -f + 25. What is the remainder when f is divided by 15?
10
Let q(h) be the first derivative of 2*h**3 - h + 3. Calculate the remainder when 9 is divided by q(1).
4
Let f(k) = k**2 + k + 23. Let d be -4 + (1*-4)/(-2). Let m be (-2 + 2)/(4/d). What is the remainder when f(m) is divided by 8?
7
Let s(m) = -m**3 - 11*m**2 - 2*m + 12. Calculate the remainder when s(-11) is divided by 18.
16
Calculate the remainder when 58 is divided by (4/8)/((-3)/(-90)).
13
Suppose 2*g = 5*q - 1 - 3, 2*q = -3*g + 13. Suppose -9 = -c - t - 2, -5*c = 4*t - 37. What is the remainder when c is divided by g?
0
Let q = 8 - 13. Let a(l) = 2*l**2 + l + 1. Calculate the remainder when (-2 - -1)*q*1 is divided by a(-1).
1
Let i = -17 - -30. Calculate the remainder when i is divided by 5.
3
Suppose -3*a + 52 = 13. Suppose -x + 25 = 5*y, 0 = -0*y - 5*y - 5*x + 45. What is the remainder when a is divided by y?
1
Let a = 22 + -12. Suppose -2*s - 5*s + 28 = 0. What is the remainder when a is divided by s?
2
Let c = 26 + -9. What is the remainder when 67 is divided by c?
16
Suppose 0 = 4*n - 25 - 15. Let r = n + -6. Calculate the remainder when r is divided by 2.
0
Suppose 0*z - 68 = -4*z + 2*a, -4*a = -4*z + 72. Suppose -f + 2*f - z = 0. Calculate the remainder when f is divided by 6.
4
Let f = -48 - -61. Calculate the remainder when 36 is divided by f.
10
Let p(q) = -q**2 - 13*q - 4. Suppose 0 = 2*n - 3*f + 212, -n + 4*f = 2*f + 106. Let m = -71 - n. What is the remainder when m is divided by p(-11)?
17
Calculate the remainder when 2/(-5) + 51/15 is divided by 3/(-5) + 65/25.
1
Let z = 13 - 10. Suppose 54 - 